highest common factor of 277317 and 297.
27
What is the greatest common factor of 83755 and 245?
35
What is the greatest common factor of 13311 and 264741?
1479
What is the greatest common factor of 135222 and 1302?
186
What is the highest common divisor of 578 and 227732?
578
What is the greatest common divisor of 153 and 38964?
51
What is the greatest common factor of 34728 and 3?
3
Calculate the highest common factor of 1766 and 6.
2
Calculate the greatest common factor of 67936 and 3872.
352
What is the greatest common divisor of 9120 and 1020?
60
Calculate the highest common factor of 76088 and 128.
8
Calculate the highest common factor of 39613 and 315.
7
What is the greatest common divisor of 21530 and 55?
5
What is the highest common divisor of 13 and 18503?
1
Calculate the greatest common divisor of 1578115 and 10.
5
What is the greatest common divisor of 139320 and 6665?
215
Calculate the greatest common divisor of 1686025 and 1100.
275
Calculate the greatest common factor of 37 and 126133.
37
What is the highest common divisor of 257708 and 44?
44
What is the highest common factor of 960 and 11960?
40
What is the greatest common factor of 14170 and 7059?
13
Calculate the greatest common factor of 125 and 23600.
25
Calculate the highest common divisor of 240 and 4230.
30
What is the highest common divisor of 729 and 7461?
9
What is the greatest common divisor of 192 and 467904?
192
Calculate the greatest common factor of 56988 and 468.
36
What is the highest common factor of 27 and 7479?
27
Calculate the greatest common factor of 3220 and 203780.
460
What is the greatest common factor of 184260 and 148?
148
Calculate the greatest common divisor of 912 and 7158.
6
What is the highest common divisor of 28800 and 165150?
450
Calculate the greatest common divisor of 63 and 201453.
21
Calculate the highest common divisor of 22576 and 8549.
83
Calculate the highest common factor of 318 and 7526.
106
Calculate the greatest common divisor of 607159 and 1127.
49
Calculate the highest common factor of 3440 and 15920.
80
Calculate the greatest common divisor of 46529 and 483.
161
Calculate the highest common factor of 3653 and 1391.
13
Calculate the greatest common factor of 574 and 28618.
82
Calculate the highest common factor of 148115 and 55.
55
Calculate the greatest common factor of 322702 and 376.
94
What is the greatest common divisor of 91 and 3685331?
13
What is the greatest common factor of 222 and 53576?
74
Calculate the greatest common factor of 1137910 and 212.
106
Calculate the greatest common factor of 26358 and 8625.
69
What is the greatest common divisor of 327792 and 168?
24
What is the greatest common divisor of 741 and 35264?
19
What is the highest common factor of 643843 and 3908?
977
What is the highest common factor of 72 and 12942?
18
What is the highest common divisor of 151558 and 55?
11
What is the greatest common divisor of 1250424 and 1890?
378
What is the highest common factor of 437 and 25001?
23
Calculate the greatest common factor of 126873 and 54.
27
What is the highest common factor of 69363 and 1512?
189
What is the greatest common divisor of 544 and 4192?
32
What is the highest common divisor of 2398 and 10900?
218
What is the greatest common factor of 10 and 89290?
10
What is the greatest common factor of 42400 and 16?
16
Calculate the greatest common factor of 12423 and 14145.
123
What is the greatest common divisor of 831 and 2036227?
277
What is the highest common factor of 4247269 and 104?
13
What is the greatest common factor of 83 and 353995?
83
What is the greatest common factor of 500 and 1100?
100
What is the highest common divisor of 1608 and 14568?
24
What is the highest common divisor of 2366694 and 1386?
198
What is the greatest common divisor of 14 and 1743098?
14
Calculate the greatest common divisor of 10293 and 1314.
219
What is the highest common factor of 1896 and 57591?
237
What is the greatest common divisor of 91203 and 2222?
101
What is the greatest common factor of 231730 and 10?
10
What is the highest common divisor of 60 and 2702840?
20
What is the highest common factor of 16906 and 4898?
158
Calculate the highest common factor of 35510 and 4717.
53
What is the highest common divisor of 102 and 1744914?
102
Calculate the greatest common factor of 240 and 83400.
120
What is the greatest common divisor of 73 and 4639369?
73
Calculate the greatest common divisor of 4264008 and 119.
119
Calculate the greatest common divisor of 138 and 563638.
46
Calculate the greatest common factor of 62 and 1698707.
31
Calculate the greatest common factor of 27071 and 12733.
107
What is the highest common divisor of 99555 and 45?
15
Calculate the greatest common divisor of 11183 and 11554.
53
What is the highest common factor of 6462 and 91186?
718
What is the highest common divisor of 4401 and 652?
163
Calculate the greatest common factor of 52160 and 720.
80
What is the greatest common factor of 108 and 3917052?
108
Calculate the greatest common divisor of 5067 and 52922.
563
What is the greatest common divisor of 956 and 515284?
956
Calculate the greatest common divisor of 3492 and 3386076.
1164
Calculate the highest common divisor of 18830 and 7263.
269
Calculate the highest common factor of 3709723 and 268.
67
Calculate the highest common factor of 942084 and 18.
18
What is the highest common divisor of 5263 and 19?
19
What is the highest common divisor of 5509 and 112?
7
What is the highest common divisor of 259005 and 3255?
465
What is the greatest common factor of 4687 and 194317?
43
What is the greatest common divisor of 18 and 1580454?
18
Calculate the highest common factor of 177120 and 90.
90
Calculate the highest common divisor of 460 and 387619.
23
What is the highest common divisor of 54320 and 77?
7
Calculate the highest common factor of 81 and 193.
1
Calculate the greatest common divisor of 3144 and 384.
24
Calculate the greatest common factor of 150 and 66525.
75
What is the greatest common factor of 30586 and 1119?
373
Calculate the greatest common factor of 1440 and 1710.
90
Calculate the greatest common divisor of 1438184 and 8.
8
What is the greatest common factor of 2551571 and 11?
11
Calculate the greatest common divisor of 1 and 19553.
1
What is the highest common divisor of 106003 and 71?
71
What is the greatest common divisor of 27285 and 749?
107
What is the highest common divisor of 2931 and 245227?
977
What is the highest common factor of 62 and 540919?
31
Calculate the highest common divisor of 55 and 38005.
55
Calculate the highest common factor of 566200 and 70.
10
What is the greatest common factor of 83861 and 17?
17
What is the greatest common divisor of 3718 and 946?
22
Calculate the greatest common factor of 294557 and 38.
19
What is the highest common divisor of 16144 and 64?
16
Calculate the highest common factor of 960 and 86700.
60
What is the greatest common divisor of 53660 and 5?
5
Calculate the highest common factor of 53823 and 396.
33
What is the greatest common divisor of 171 and 41097?
57
Calculate the greatest common divisor of 714 and 148071.
21
Calculate the highest common divisor of 3348 and 1373796.
1116
Calculate the greatest common factor of 532 and 44660.
28
What is the greatest common factor of 255 and 7701?
51
Calculate the greatest common divisor of 11 and 1895.
1
Calculate the greatest common divisor of 76 and 245100.
76
Calculate the greatest common factor of 26 and 3020914.
26
What is the greatest common factor of 68 and 1068756?
68
What is the highest common factor of 3178 and 174563?
227
Calculate the greatest common divisor of 4808 and 63706.
1202
Calculate the highest common factor of 7812 and 504.
252
What is the highest common factor of 112884 and 1104?
276
Calculate the highest common divisor of 1976 and 82251.
247
What is the greatest common factor of 8586 and 3114810?
954
Calculate the highest common factor of 29760 and 7125.
15
What is the greatest common divisor of 22 and 5986882?
22
What is the highest common divisor of 28056 and 231?
21
What is the greatest common factor of 18 and 5823?
9
What is the highest common factor of 10326 and 15?
3
Calculate the greatest common divisor of 21939 and 81885.
309
What is the greates